ommon factor of p and 15?
5
Suppose 2*t + 668 - 82 = 0. Let d be t*(-3 - 2/(-1)). Let o = -174 + d. What is the highest common factor of 17 and o?
17
Suppose -4*d - 147 - 143 = -r, -3*r = -3*d - 825. Suppose -5*s = -2*s - r. Suppose -s = c - 6*c. Calculate the greatest common divisor of c and 12.
6
Let n = 191 - 119. Suppose 1 - 4 = -u. Suppose -2*f = -5*j + 242, -2 = -u*j - 2*f + 140. What is the greatest common factor of j and n?
24
Let l(p) = -p**2 - 6*p + 3. Let z be l(0). Suppose z*s + 24 = 5*s - w, s - 3*w - 12 = 0. What is the highest common divisor of 30 and s?
6
Let y(h) = -6*h + 70. Let j be y(16). Let n = 68 + j. What is the greatest common divisor of n and 147?
21
Suppose 4*g = 3*g - 4*j - 6, -5*g + 18 = -4*j. Let r be 4/5*530/4. Suppose 28 = a + q - r, q - 270 = -g*a. What is the greatest common factor of 34 and a?
34
Let h(i) = i**3 - 2*i**2 - i + 12. Let s be h(0). Calculate the greatest common factor of 96 and s.
12
Let r(s) be the first derivative of -7*s**2/2 + 5*s - 3. Let d be 8*(-3 - (-10)/4). Let n be r(d). What is the highest common divisor of 22 and n?
11
Let l(x) = -2*x**2 - 2*x + 1. Let h be l(2). Let t(r) = r**3 + 12*r**2 + 11*r + 24. Let b be t(h). Calculate the greatest common factor of b and 72.
24
Let n = -8 + 8. Suppose n*d - 2*d = 8. Let t be (-14)/(-1)*d/(-1). What is the greatest common divisor of 7 and t?
7
Let g be (1 - 26)*2/(-5). Let z = 60 + g. What is the highest common factor of z and 28?
14
Let s = 1177 + -1171. What is the greatest common divisor of s and 177?
3
Suppose -544 = -5*w + 256. Calculate the greatest common factor of w and 60.
20
Let g be (1 - 3)/((-1)/25). Suppose 4*c + 3*u = 13 + 21, 5*c - 44 = -3*u. Let r = g - c. What is the highest common factor of r and 10?
10
Let g = -32 - -87. Let r be (-22)/g + 7/5. Calculate the highest common factor of 2 and r.
1
Suppose 4*r - 5*x - 323 = -2*x, -5*r + x = -390. What is the greatest common divisor of r and 1001?
77
Let g = -289 + 293. Calculate the greatest common divisor of g and 44.
4
Let a(s) = -s + 651 - 3*s - 646 - s**3 + 3*s. Let r be a(0). Calculate the greatest common factor of 10 and r.
5
Suppose 9*d - 28*d = -494. What is the greatest common factor of 52 and d?
26
Suppose 42 = 2*q + 4. Suppose 4*p - 53 = 39. Suppose 2*w = -2*d + 147 - p, 3*d = -4*w + 191. Calculate the highest common divisor of q and d.
19
Let w = -45 + 50. Suppose 6*d - 2*r = w*d + 18, -5*d + r = -117. What is the highest common factor of 60 and d?
12
Suppose 6*f = -34 + 232. Calculate the highest common factor of f and 3.
3
Suppose 31*a - 195 = -8*a. What is the greatest common factor of a and 245?
5
Let h be (-2)/4*(0 - 6). Let b(w) = 5*w - 1. Let f be b(h). What is the highest common factor of 21 and f?
7
Suppose 7*j = 2*j + 270. Suppose -l - 3*n = -2*l - 36, 5*l + 146 = -2*n. Let q be l/(-4) - (-15)/10. What is the greatest common divisor of j and q?
9
Let z(h) = -h**2 - 7*h - 72. Let u(r) = -r. Let a(w) = 6*u(w) - z(w). Let v be a(0). What is the greatest common divisor of v and 180?
36
Let z(i) = i**3 - 2*i**2 - 2*i + 1. Let y be z(3). Let u be (-4)/(-46) - (-7458)/1518. What is the greatest common divisor of u and y?
1
Let p(y) = y**2 - 10*y + 8. Let n be p(10). Let g = 0 + n. Suppose z - 5*t - g = -3*z, 2*t - 1 = z. What is the greatest common factor of 7 and z?
7
Let u(l) = 6*l**2 - 5*l - 29. Let y be u(-3). What is the greatest common divisor of y and 32?
8
Let h(t) = -t**2 + 6*t + 10. Let p be h(7). Let n be 5/(-15)*-11*p. Calculate the highest common divisor of n and 11.
11
Suppose -41 - 183 = -8*x. Calculate the greatest common divisor of 63 and x.
7
Suppose 34*v - 20 - 1782 = 0. Calculate the highest common factor of 2756 and v.
53
Let u be -3 - 1 - (-3 - 6/3). Let z be -2 + -1 - -4*1. Calculate the greatest common divisor of z and u.
1
Let b be (-6)/3*(-4 - (-14 - 1)). Let z = 52 + b. Calculate the greatest common factor of 6 and z.
6
Let n be ((-4)/3)/(4/(-78)). Let y be (-2)/2 + 51/(-17) - -108. Calculate the greatest common divisor of y and n.
26
Suppose 3*o - 1 + 0 = -5*t, -2*t = 3*o + 5. Let w = t + 31. Suppose 0*l + 4*l - 44 = 0. Calculate the greatest common divisor of w and l.
11
Let q = -35 - -295. What is the greatest common divisor of q and 40?
20
Let t(r) = -r**3 - 5*r**2 + 4*r - 3. Let a be t(-6). Let l be (10 - 14)*(-126)/4. What is the highest common divisor of l and a?
9
Let i be ((-10)/(-3))/(-8*(-3)/252). Suppose 14 = -4*m + 4*c - 54, -3*c - 77 = 5*m. Let k = i + m. What is the greatest common factor of k and 38?
19
Let w(p) = p + 23. Suppose -6*f + 11*f = -70. Let j be w(f). What is the highest common divisor of j and 72?
9
Let q = 11 + 78. Let b = q + 107. Calculate the greatest common factor of b and 28.
28
Suppose 0 = -6*p + 727 - 535. Calculate the highest common factor of 128 and p.
32
Let b(w) = 2*w. Let s be b(1). Let r be 143/s + (-1)/(-2). What is the greatest common factor of 18 and r?
18
Suppose -5*h = b - 194, 3*b = 5*h + 65 + 437. Suppose 15 = 5*z - 0, 2*z + b = 3*x. What is the highest common factor of x and 6?
6
Let m(l) = -l**3 + 8*l**2 + 11*l - 10. Let r be m(9). Let s(k) = 2*k**2 - 12*k - 18. Let j be s(r). Calculate the greatest common divisor of 14 and j.
14
Let d(l) = -12*l + 1. Let h be d(-2). Suppose -3*k + 5*v = -h, k - 4*v - 25 = v. Suppose -b - 4 + 37 = k. What is the greatest common factor of 3 and b?
3
Let x be (-4)/(2/(108/(-3))). Suppose 0 = 5*s + 4*t - 12 - 24, -4*s = 2*t - 30. What is the highest common factor of x and s?
8
Let h be (-4)/(-16) - (-1)/(-4). Suppose h = -4*x - 1 + 45. Calculate the highest common divisor of x and 33.
11
Let r(h) = 2*h + 901. Let z be r(-67). Calculate the greatest common factor of 13 and z.
13
Suppose 0*c = -5*s + 2*c + 4, -3*s + 2*c = 0. Let r(v) = 2*v**2 + 13*v + 8. Let g be r(-6). What is the highest common divisor of g and s?
2
Let x be (-1)/4*(0/(-1) - 76). Suppose 89 = 6*o - 367. Calculate the greatest common factor of x and o.
19
Let p = -2141 - -2405. What is the greatest common divisor of 72 and p?
24
Let x(l) = -l - 25. Let v be x(-23). Let p be 118 + (-6 + 5)*(v + 1). What is the greatest common factor of 17 and p?
17
Let u be (-2)/(-2*(-6)/(-168)). Calculate the greatest common divisor of u and 96.
4
Suppose -5 = -8*q - 21. Let r(k) = -3*k**3 - 2*k**2 - 2*k. Let i be r(q). Let c be (2/6 + -1)*-90. Calculate the highest common divisor of i and c.
20
Suppose -10*y = -6*y - 4028. What is the highest common factor of y and 53?
53
Let a = -317 + 632. Calculate the highest common divisor of 7 and a.
7
Let z(v) = -3*v**2 - 3*v. Let w be z(-1). Let b(x) = -x + 32. Let c be b(w). What is the highest common factor of c and 16?
16
Let w(l) = 2*l**2 + 12*l - 26. Let v be w(5). What is the highest common divisor of v and 63?
21
Suppose 5*c = 15, 7*u = 4*u - 4*c + 21. Let f(d) = 3*d + 9*d**2 - 6*d**2 + 0*d**2. Let j be f(-2). Calculate the highest common factor of u and j.
3
Let x = 62 + 7. Let g be x/3 + (1 - 3). Let o(d) = d**2 + 494*d - 2492. Let y be o(5). Calculate the greatest common factor of y and g.
3
Let b = 440 + -420. What is the greatest common divisor of b and 15?
5
Let l(p) = -p**3 + 30*p**2 + 35*p + 41. Let j be l(31). What is the greatest common divisor of 99 and j?
33
Suppose d - 2*u + 0 - 4 = 0, 4*d - 5*u = 10. Suppose d - 3 = -3*f. Let z(b) = -b**2 + 6*b + 3. Let n be z(4). What is the greatest common divisor of f and n?
1
Suppose 2*m + 164 = 4*x, 2*m + 44 = -365*x + 366*x. Calculate the highest common factor of 10 and x.
10
Suppose 3*a - 39 = 12. Suppose 2*z = a + 3. Calculate the greatest common factor of 90 and z.
10
Suppose -63 = -10*h + 217. What is the greatest common factor of 7 and h?
7
Let g = -107 - -107. Suppose 2*o = -g*o + 154. Calculate the highest common divisor of 22 and o.
11
Suppose 5*v + 5 = -3*g, v + g - 3*g = -1. Let a be (83 - v)*1/2. Let j be a - (2 - 3 - 1). Calculate the greatest common factor of j and 4.
4
Let j(o) = -4*o**2 - 2*o**2 + 4*o**2 + 4*o**2 - 3*o + 11. Let g be j(7). What is the greatest common factor of 11 and g?
11
Suppose -15*b + 24 = -186. What is the highest common factor of b and 602?
14
Let t be (-7 - -6)/(2/(-6)). Suppose 2*j = -t*j + 125. Let d(o) = 2*o + 16. Let h be d(-3). Calculate the greatest common 